f be v(6). Suppose -5*h + 5*b = -3025, 0 = 4*h - b + f*b - 2428. List the prime factors of h.
2, 3, 101
Let p(k) = 13*k + 51. Let l be p(-5). Let n(q) = -7*q + 85. What are the prime factors of n(l)?
3, 61
Let c(t) = -7*t - 3. Let o be c(-1). Suppose 43 = 4*w - 3*z, -5*z + 3*z + o = 2*w. Suppose -w*v = 2*v - 234. What are the prime factors of v?
2, 13
Let b = -15 + 50. Let t = 42 - b. Suppose t*w = 2*w + 430. List the prime factors of w.
2, 43
Let c(k) be the second derivative of -13/2*k**2 + 1/2*k**3 + 1/4*k**5 + 0*k**4 + 21*k + 0. What are the prime factors of c(3)?
131
Suppose 36*g - 30*g - 1828914 = -132*g. What are the prime factors of g?
29, 457
Suppose 26 = 5*g - s - 2, 18 = 2*g + 3*s. Suppose -34*m + 36*m = g. Suppose l = m*l - 420. What are the prime factors of l?
2, 3, 5, 7
Let x(n) be the first derivative of 23*n - 17 - 21*n - n**2 - 17*n. List the prime factors of x(-12).
3
Let w(c) = 3 + 7*c**2 + 4*c**3 - 7*c**3 + 0 + c**3 - 4*c. Let b be w(3). What are the prime factors of (66 - -6)/(b - (-3)/2)?
2, 3
Let c(x) = 7*x + 1 - 3*x + 4*x - 2 + 136*x**3 + 9*x - 6*x**2. What are the prime factors of c(2)?
1097
Let s(g) = 30*g**2 + g. Let t be s(-1). Let a be (1 - 2)/(8*(-15)/9480). Let u = t + a. What are the prime factors of u?
2, 3
Let k(o) = o**3 + 11*o**2 - 10*o + 24. Let b be k(-12). Suppose -9*m + 5*m - 8 = b. List the prime factors of (110 - (-8)/m)*1.
2, 53
Let z be -16*(-1 - (-4)/8). Let k be 310/8 - (-2)/z. What are the prime factors of 6/4*(7 - k)/(-4)?
2, 3
Let w(c) = c - 4. Let l be w(5). Let p = -122 - -233. List the prime factors of (p + 3)*l/3.
2, 19
Suppose 2*x + 9*x = 3003. Let c = x + -411. Let z = -96 - c. What are the prime factors of z?
2, 3, 7
Let b(j) = -20*j + 9. Suppose -2*s + 120 = 4*s. Suppose 3*p + p + s = 4*u, 4*u - 14 = 2*p. What are the prime factors of b(p)?
3, 23
Let v(y) = 4*y**3 + 8*y**2 + 39*y - 95. What are the prime factors of v(10)?
5, 1019
Let r(w) = 7*w**2 - 10*w + 9. Let x = -11 - -17. Let n be r(x). Suppose 77 = 4*v - 3*v + 5*a, 5*a = -3*v + n. List the prime factors of v.
2, 31
Let j(p) = p**2 - 2*p - 13. Let v be j(-3). Suppose -v*t + 5922 = 16*t. What are the prime factors of t?
7, 47
Let l(b) = 150*b**2 - 48*b + 444. List the prime factors of l(8).
2, 3, 5, 7, 23
What are the prime factors of 2/(-33) - 102343536/(-5049)?
2, 5, 2027
Suppose -m - 9 = 3*n + 2*m, 1 = -3*n + 5*m. List the prime factors of ((-56)/70)/(n/3645).
2, 3
Let y(b) = -219*b**3 - 21*b**2 - 5*b - 1. What are the prime factors of y(-5)?
2, 3, 1493
Suppose 9*z - 77743 + 23275 = 0. List the prime factors of z.
2, 17, 89
Let s(p) = p**2 - p - 10. Let w be s(-5). Suppose -16*y = -w*y + 4. List the prime factors of ((-456)/(-16))/(y/2).
3, 19
List the prime factors of (-1 + 49)/(2/14*52/442).
2, 3, 7, 17
Let w be 4 + 1/(-1) + -1. Suppose 703 = 2*u + 5*x, 697 = 4*u - w*u - x. What are the prime factors of u?
349
Suppose -r + 176 = -61. Suppose -25*d + r + 388 = 0. What are the prime factors of d?
5
Let h(s) = 2*s**2. Let a be h(-1). Let n = 1453 + -1451. Suppose 3*k + 27 = q, -2*k + 24 - a = n*q. What are the prime factors of q?
3, 5
Suppose -29*j + 4 = -27*j. Suppose -j*x - 378 = x. Let b = x + 220. What are the prime factors of b?
2, 47
Suppose 16700*w - 243678 = 16683*w. List the prime factors of w.
2, 3, 2389
Let g = -8761 + 12476. What are the prime factors of g?
5, 743
Suppose -3*g - 1369 = 3*u + u, -3*u = 5*g + 1024. Let l be u/(-4) + (-24)/32. Suppose -29*o - l = -34*o. List the prime factors of o.
17
What are the prime factors of ((12236/(-6))/(-23))/(-1 - (-298)/294)?
7, 19
Suppose 0 = -107*i + 105*i + 9366. List the prime factors of i.
3, 7, 223
Let n(f) be the third derivative of f**4/4 - 16*f**3/3 - f**2 + 205. Suppose -19 + 82 = 3*t. List the prime factors of n(t).
2, 47
Let x(n) be the second derivative of -17*n**4/6 + n**3/6 - 5*n**2/2 - 23*n. Let w(j) be the first derivative of x(j). List the prime factors of w(-1).
3, 23
Suppose 71 = 10*w - 89. Suppose 3*s - 475 = 4*l, s - 165 = -13*l + w*l. List the prime factors of s.
3, 17
Suppose 1257 = 3*l - 693. Suppose r + 670 = 4*z + 6*r, 4*z - 5*r = l. What are the prime factors of (42/35)/(1 + (-159)/z)?
3, 11
Let n(v) = -4*v**2 - 11*v - 19. Let s be n(-7). What are the prime factors of s/6*-1*11?
11, 23
Suppose 2*d - 6 + 4 = 0, -5*a - 3*d = -2678. Suppose -3*o - a = -8*o. Suppose 6 = -5*w + 1, r - 4*w = o. List the prime factors of r.
103
Let g(k) = 6*k - 1. Let f(t) = 7*t + 15. Let s be f(-7). Let c = s + 42. List the prime factors of g(c).
47
Let o(x) = -6*x**2 + 17*x - 5. Let b(w) = -5*w**2 + 15*w - 4. Let h(m) = 7*b(m) - 6*o(m). List the prime factors of h(5).
2, 3, 7
Let y be 2/7 - (-918)/21. Suppose -3*h = -0*h + 45. Let o = y + h. List the prime factors of o.
29
Let d be 271 - (-3)/(-24)*0. Let m = 985 - d. List the prime factors of m.
2, 3, 7, 17
Let c = 0 - -18. Let x = c + 43. Suppose -o + x + 9 = 0. What are the prime factors of o?
2, 5, 7
Let v be (2*2/8)/((-4)/(-664)). Let z be 123 + 6/(-10)*-5. Let d = z - v. List the prime factors of d.
43
What are the prime factors of (-2)/(-8) + (-121257)/(-108)?
1123
Suppose 0*h - 4*w - 32668 = -5*h, 0 = 4*w + 8. Suppose 8*n = 12*n - h. What are the prime factors of n?
23, 71
Let v(k) = 2*k**2 + 36*k + 62. What are the prime factors of v(28)?
2, 1319
Let f = 58880 + -24374. List the prime factors of f.
2, 3, 71
Suppose -2*u = -n - 20684, 0 = -4*n + n - 6. What are the prime factors of u?
3, 383
Let u(r) = r**3 + 12*r**2 - 28*r. Let f be u(-14). Suppose 4*d = -l - f*l + 35, -3*d - 15 = 0. Suppose 6*b - 5*b - l = 0. List the prime factors of b.
5, 11
Let i = 61 + -46. Suppose 19*f = i*f + 1200. What are the prime factors of f?
2, 3, 5
Suppose -20*f = -5*x - 15*f + 25, -4*f - 20 = 0. Suppose -3*w + 2*y = -3*y - 117, w - 43 = 3*y. Suppose x = -t + w + 41. List the prime factors of t.
3, 5
Let k be (-1)/5*(11 - 16). Let x be 6 - 0*k/3. Suppose 3*p = x*p - 39. List the prime factors of p.
13
Let k = -120 - -128. Suppose u + 4*p - 33 = 0, -3*u - 10*p + 129 = -k*p. List the prime factors of u.
3, 5
Let i be (4*(-5)/20)/(2/642). Let d = i - -518. What are the prime factors of d?
197
Suppose -2*t = -3*o + 4*o - 3, -3*t = 5*o - 22. What are the prime factors of 173 + 0*t/6?
173
Let k be 2*47 + (-8)/(-8). Let u be (69/9 - 8) + 1/3. Suppose 2*n = 4*r - u*n - 384, -r + k = -n. What are the prime factors of r?
97
Let g be ((-15)/(-10))/((-6)/(-32)). Let j(r) = -15*r - g*r + 3 - 14. What are the prime factors of j(-4)?
3
Suppose 2*a - 3064 = -2*d - 590, -2*d + 3*a = -2449. Let m = d - 777. List the prime factors of m.
5, 7, 13
Suppose 0 = -0*k - 2*k + 108. Suppose 2*t - 3*s = -9 - 2, 5*t + 2*s - 20 = 0. What are the prime factors of k + t - (-1)/(-1)?
5, 11
List the prime factors of 506*((-852)/(-16) + (-135)/(-60)).
3, 11, 23, 37
Let b(z) = z**3 + 13*z**2 + 31*z. Let m be b(-10). What are the prime factors of 5/m*(-1 - 256)*2?
257
Suppose -595*x = -630*x + 227325. What are the prime factors of x?
3, 5, 433
Let r(c) = 1. Let u(v) = 5*v**2 - v + 12. Let s(h) = -4*r(h) + u(h). Let l(b) = b - 1. Let m be l(-3). List the prime factors of s(m).
2, 23
Let p = 249449 + -176743. List the prime factors of p.
2, 36353
Let d(f) = 8*f**2 - 160*f + 4381. List the prime factors of d(70).
32381
Let x = -48720 + 71858. What are the prime factors of x?
2, 23, 503
Let f = -211 + 211. Suppose -m - b + 11 = -f*b, -3*m + 51 = -6*b. What are the prime factors of m?
13
Let d be (-2)/12 - (-3)/18. Suppose -18*r + 15*r + 36 = d. Let n = 98 + r. List the prime factors of n.
2, 5, 11
Let c = 18917 - -8878. What are the prime factors of c?
3, 5, 17, 109
Let c be (20 - (-6 + 8)) + -2. Let u = c - -44. List the prime factors of u.
2, 3, 5
Let k = 2 + 2. Let c be (-2)/4*1*48*k. Let n = -4 - c. List the prime factors of n.
2, 23
What are the prime factors of -1 + 0 + 1 + (-387189 + -3)/(-6)?
2, 13, 17, 73
Let o = -420 + 423. List the prime factors of (-165)/(1 - 4/o).
3, 5, 11
Let g(j) = -93*j - 40. What are the prime factors of g(-26)?
2, 29, 41
What are the prime factors of ((-97163)/(-22))/((4/8)/1)?
11, 73
Suppose 70*v + 55*v - 2710500 = 0. List the prime factors of v.
2, 3, 13, 139
Let y(f) = -2*f**3 - 46*f**2 - 3*f - 11. Let m = -129 - -106. What are th